{"id":2,"date":"2014-03-13T17:58:04","date_gmt":"2014-03-13T17:58:04","guid":{"rendered":"https:\/\/jdforja.com\/wp\/?page_id=2"},"modified":"2016-06-22T02:46:57","modified_gmt":"2016-06-22T02:46:57","slug":"sample-page","status":"publish","type":"page","link":"https:\/\/www.jdforja.com\/","title":{"rendered":"Inicio"},"content":{"rendered":"<p style=\"text-align: center;\"><span style=\"color: #000000;\"><a href=\"https:\/\/jdforja.com\/wp\/wp-content\/uploads\/2014\/03\/banner.jpg\"><span style=\"color: #000000;\"><img loading=\"lazy\" decoding=\"async\" class=\"alignnone size-full wp-image-407\" src=\"https:\/\/jdforja.com\/wp\/wp-content\/uploads\/2014\/03\/banner.jpg\" alt=\"banner\" width=\"900\" height=\"180\" srcset=\"https:\/\/www.jdforja.com\/wp\/wp-content\/uploads\/2014\/03\/banner.jpg 900w, https:\/\/www.jdforja.com\/wp\/wp-content\/uploads\/2014\/03\/banner-300x60.jpg 300w\" sizes=\"auto, (max-width: 900px) 100vw, 900px\" \/><\/span><\/a><\/span><\/p>\n<p style=\"text-align: left;\"><span style=\"font-family: 'Arial Black', 'Avant Garde'; font-size: 14pt; color: #333333;\">\u00a0 \u00a0 \u00a0Bienvenidos a nuestra p\u00e1gina donde encontrar\u00e1 m\u00e1s informaci\u00f3n acerca de nuestros trabajos y servicios. \u00a0Le invitamos a que busque en nuestras galer\u00edas\u00a0fotogr\u00e1ficas\u00a0trabajos que hemos realizados, mucho arte y profesionalismo nos distingue en cada dise\u00f1o\u00a0\u00fanico. \u00a0Nuestro equipo de trabajo cuenta con una vasta experiencia en el arte de la\u00a0herrer\u00eda.\u00a0<\/span><\/p>\n<p style=\"color: #091248; text-align: center;\"><span style=\"color: #000000; font-family: 'Arial Black', 'Avant Garde'; font-size: 14pt;\">\u00a0<\/span><\/p>\n<p style=\"color: #091248; text-align: center;\"><a href=\"https:\/\/jdforja.com\/wp\/wp-content\/uploads\/2014\/03\/foto-9.jpg\"><img loading=\"lazy\" decoding=\"async\" class=\"alignnone size-full wp-image-422\" src=\"https:\/\/jdforja.com\/wp\/wp-content\/uploads\/2014\/03\/foto-9.jpg\" alt=\"foto 9\" width=\"800\" height=\"200\" srcset=\"https:\/\/www.jdforja.com\/wp\/wp-content\/uploads\/2014\/03\/foto-9.jpg 800w, https:\/\/www.jdforja.com\/wp\/wp-content\/uploads\/2014\/03\/foto-9-300x75.jpg 300w\" sizes=\"auto, (max-width: 800px) 100vw, 800px\" \/><\/a><\/p>\n<p style=\"color: #091248; text-align: left;\"><span style=\"font-family: 'Arial Black', 'Avant Garde'; font-size: 14pt; color: #333333;\">\u00a0 \u00a0 \u00a0Hacemos trabajos combinando &#8220;stainless steel&#8221;, acero ferroso y\u00a0diferentes estilos de cristal para lograr dise\u00f1os muy elegantes y modernos.<\/span><\/p>\n<p style=\"color: #091248; text-align: center;\">\n\t<ul id=\"slideshowgallery188\" class=\"slideshowgallery188\" style=\"display:none;\">\n\t\t\t\t\t<!-- From all slides or gallery slides -->\n\t\t\t\t\t\t\t\n\t\t\t\t<li>\n\t\t\t\t\t<h3 style=\"opacity:70;\">Porton cristales<\/h3>\n\t\t\t\t\t\t\t\t\t\t\t<span data-alt=\"porton-cristales\">https:\/\/jdforja.com\/wp\/wp-content\/uploads\/slideshow-gallery\/20160621_025729000_iOS.jpg<\/span>\n\t\t\t\t\t\t\t\t\t\t<p><\/p>\n\t\t\t\t\t\t\t\t\t\t\t\t\t\t\t\t\t\t<a><\/a>\n\t\t\t\t\t\t\t\t\t\t\t\t\t\t\t<\/li>\n\t\t\t\t\t\t\t\n\t\t\t\t<li>\n\t\t\t\t\t<h3 style=\"opacity:70;\">letras<\/h3>\n\t\t\t\t\t\t\t\t\t\t\t<span data-alt=\"letras\">https:\/\/jdforja.com\/wp\/wp-content\/uploads\/slideshow-gallery\/20160621_025554000_iOS.jpg<\/span>\n\t\t\t\t\t\t\t\t\t\t<p><\/p>\n\t\t\t\t\t\t\t\t\t\t\t\t\t\t\t\t\t\t<a><\/a>\n\t\t\t\t\t\t\t\t\t\t\t\t\t\t\t<\/li>\n\t\t\t\t\t\t\t\n\t\t\t\t<li>\n\t\t\t\t\t<h3 style=\"opacity:70;\">Trabajos micelaneos<\/h3>\n\t\t\t\t\t\t\t\t\t\t\t<span data-alt=\"trabajos-micelaneos\">https:\/\/jdforja.com\/wp\/wp-content\/uploads\/slideshow-gallery\/20160621_025805000_iOS.jpg<\/span>\n\t\t\t\t\t\t\t\t\t\t<p><\/p>\n\t\t\t\t\t\t\t\t\t\t\t\t\t\t\t\t\t\t<a><\/a>\n\t\t\t\t\t\t\t\t\t\t\t\t\t\t\t<\/li>\n\t\t\t\t\t\t\t\n\t\t\t\t<li>\n\t\t\t\t\t<h3 style=\"opacity:70;\">Porton<\/h3>\n\t\t\t\t\t\t\t\t\t\t\t<span data-alt=\"porton\">https:\/\/jdforja.com\/wp\/wp-content\/uploads\/slideshow-gallery\/20160621_025643000_iOS.jpg<\/span>\n\t\t\t\t\t\t\t\t\t\t<p><\/p>\n\t\t\t\t\t\t\t\t\t\t\t\t\t\t\t\t\t\t<a><\/a>\n\t\t\t\t\t\t\t\t\t\t\t\t\t\t\t<\/li>\n\t\t\t\t\t\t\t\n\t\t\t\t<li>\n\t\t\t\t\t<h3 style=\"opacity:70;\">5<\/h3>\n\t\t\t\t\t\t\t\t\t\t\t<span data-alt=\"5\">https:\/\/jdforja.com\/wp\/wp-content\/uploads\/slideshow-gallery\/Foto0107.jpg<\/span>\n\t\t\t\t\t\t\t\t\t\t<p><\/p>\n\t\t\t\t\t\t\t\t\t\t\t\t\t\t\t\t\t\t<a><\/a>\n\t\t\t\t\t\t\t\t\t\t\t\t\t\t\t<\/li>\n\t\t\t\t\t\t\t\n\t\t\t\t<li>\n\t\t\t\t\t<h3 style=\"opacity:70;\">Trabajos<\/h3>\n\t\t\t\t\t\t\t\t\t\t\t<span data-alt=\"trabajos\">https:\/\/jdforja.com\/wp\/wp-content\/uploads\/slideshow-gallery\/20130802_184542.jpg<\/span>\n\t\t\t\t\t\t\t\t\t\t<p><\/p>\n\t\t\t\t\t\t\t\t\t\t\t\t\t\t\t\t\t\t<a><\/a>\n\t\t\t\t\t\t\t\t\t\t\t\t\t\t\t<\/li>\n\t\t\t\t\t\t\t\n\t\t\t\t<li>\n\t\t\t\t\t<h3 style=\"opacity:70;\">6<\/h3>\n\t\t\t\t\t\t\t\t\t\t\t<span data-alt=\"6\">https:\/\/jdforja.com\/wp\/wp-content\/uploads\/slideshow-gallery\/IMAG0021.jpg<\/span>\n\t\t\t\t\t\t\t\t\t\t<p><\/p>\n\t\t\t\t\t\t\t\t\t\t\t\t\t\t\t\t\t\t<a><\/a>\n\t\t\t\t\t\t\t\t\t\t\t\t\t\t\t<\/li>\n\t\t\t\t\t\t\t\n\t\t\t\t<li>\n\t\t\t\t\t<h3 style=\"opacity:70;\">Puertas<\/h3>\n\t\t\t\t\t\t\t\t\t\t\t<span data-alt=\"puertas\">https:\/\/jdforja.com\/wp\/wp-content\/uploads\/slideshow-gallery\/20160621_025409000_iOS.jpg<\/span>\n\t\t\t\t\t\t\t\t\t\t<p><\/p>\n\t\t\t\t\t\t\t\t\t\t\t\t\t\t\t\t\t\t<a><\/a>\n\t\t\t\t\t\t\t\t\t\t\t\t\t\t\t<\/li>\n\t\t\t\t\t\t\t\n\t\t\t\t<li>\n\t\t\t\t\t<h3 style=\"opacity:70;\">7<\/h3>\n\t\t\t\t\t\t\t\t\t\t\t<span data-alt=\"7\">https:\/\/jdforja.com\/wp\/wp-content\/uploads\/slideshow-gallery\/la foto1.jpg<\/span>\n\t\t\t\t\t\t\t\t\t\t<p><\/p>\n\t\t\t\t\t\t\t\t\t\t\t\t\t\t\t\t\t\t<a><\/a>\n\t\t\t\t\t\t\t\t\t\t\t\t\t\t\t<\/li>\n\t\t\t\t\t\t\t\n\t\t\t\t<li>\n\t\t\t\t\t<h3 style=\"opacity:70;\">8<\/h3>\n\t\t\t\t\t\t\t\t\t\t\t<span data-alt=\"8\">https:\/\/jdforja.com\/wp\/wp-content\/uploads\/slideshow-gallery\/IMAG0099.jpg<\/span>\n\t\t\t\t\t\t\t\t\t\t<p><\/p>\n\t\t\t\t\t\t\t\t\t\t\t\t\t\t\t\t\t\t<a><\/a>\n\t\t\t\t\t\t\t\t\t\t\t\t\t\t\t<\/li>\n\t\t\t\t\t\t\t\n\t\t\t\t<li>\n\t\t\t\t\t<h3 style=\"opacity:70;\">4<\/h3>\n\t\t\t\t\t\t\t\t\t\t\t<span data-alt=\"4\">https:\/\/jdforja.com\/wp\/wp-content\/uploads\/slideshow-gallery\/2013-08-03 15.42.55.jpg<\/span>\n\t\t\t\t\t\t\t\t\t\t<p><\/p>\n\t\t\t\t\t\t\t\t\t\t\t\t\t\t\t\t\t\t<a><\/a>\n\t\t\t\t\t\t\t\t\t\t\t\t\t\t\t<\/li>\n\t\t\t\t\t\t\t\n\t\t\t\t<li>\n\t\t\t\t\t<h3 style=\"opacity:70;\">3<\/h3>\n\t\t\t\t\t\t\t\t\t\t\t<span data-alt=\"3\">https:\/\/jdforja.com\/wp\/wp-content\/uploads\/slideshow-gallery\/2013-08-03 15.41.53.jpg<\/span>\n\t\t\t\t\t\t\t\t\t\t<p><\/p>\n\t\t\t\t\t\t\t\t\t\t\t\t\t\t\t\t\t\t<a><\/a>\n\t\t\t\t\t\t\t\t\t\t\t\t\t\t\t<\/li>\n\t\t\t\t\t\t\t\n\t\t\t\t<li>\n\t\t\t\t\t<h3 style=\"opacity:70;\">1<\/h3>\n\t\t\t\t\t\t\t\t\t\t\t<span data-alt=\"1\">https:\/\/jdforja.com\/wp\/wp-content\/uploads\/slideshow-gallery\/20130511_151434.jpg<\/span>\n\t\t\t\t\t\t\t\t\t\t<p><\/p>\n\t\t\t\t\t\t\t\t\t\t\t\t\t\t\t\t\t\t<a><\/a>\n\t\t\t\t\t\t\t\t\t\t\t\t\t\t\t<\/li>\n\t\t\t\t\t\t<\/ul>\n\t\n\t<div id=\"slideshow-wrappergallery188\" class=\"slideshow-wrapper\">\n\t\t\t\n\t\t<div class=\"slideshow-fullsize\" id=\"fullsizegallery188\">\n\t\t\t\t\t\t\t\t\t\t\t\t\t\t<div id=\"imgprevgallery188\" class=\"slideshow-imgprev imgnav\" title=\"Previous Image\">Previous Image<\/div>\n\t\t\t\t\t\t<a id=\"imglinkgallery188\" class=\"slideshow-imglink imglink\"><!-- link --><\/a>\n\t\t\t\t\t\t\t\t\t\t\t<div id=\"imgnextgallery188\" class=\"slideshow-imgnext imgnav\" title=\"Next Image\">Next Image<\/div>\n\t\t\t\t\t\t<div id=\"imagegallery188\" class=\"slideshow-image\"><\/div>\n\t\t\t<div class=\"slideshow-information infobottom\" id=\"informationgallery188\">\n\t\t\t\t<h3 class=\"slideshow-info-heading\">info heading<\/h3>\n\t\t\t\t<p class=\"slideshow-info-content\">info content<\/p>\n\t\t\t<\/div>\n\t\t<\/div>\n\t\t\n\t\t\t<\/div>\n\t\n\t\n\t<!-- Slideshow Gallery Javascript BEG -->\t\t<script type=\"text\/javascript\">\tjQuery.noConflict();\ttid('slideshowgallery188').style.display = \"none\";\ttid('slideshow-wrappergallery188').style.display = 'block';\ttid('slideshow-wrappergallery188').style.visibility = 'hidden';\tvar spinnerDiv = document.createElement('div');\tspinnerDiv.setAttribute('id', 'spinnergallery188');\tspinnerDiv.innerHTML = '<i class=\"fa fa-cog fa-spin\"><\/i>';\tjQuery(spinnerDiv).appendTo('#fullsizegallery188');\ttid('spinnergallery188').style.visibility = 'visible';\tvar slideshowgallery188 = new TINY.slideshow(\"slideshowgallery188\");\tjQuery(document).ready(function() {\t\tslideshowgallery188.auto = true;\t\tslideshowgallery188.speed = 10;\t\tslideshowgallery188.effect = \"fade\";\t\tslideshowgallery188.slide_direction = \"lr\";\t\tslideshowgallery188.easing = \"swing\";\t\tslideshowgallery188.alwaysauto = true;\t\tslideshowgallery188.autoheight = false;\t\tslideshowgallery188.autoheight_max = false;\t\tslideshowgallery188.imgSpeed = 10;\t\tslideshowgallery188.navOpacity = 25;\t\tslideshowgallery188.navHover = 70;\t\tslideshowgallery188.letterbox = \"#000000\";\t\tslideshowgallery188.linkclass = \"linkhover\";\t\tslideshowgallery188.imagesid = \"imagesgallery188\";\t\tslideshowgallery188.info = \"\";\t\tslideshowgallery188.infoonhover = 0;\t\tslideshowgallery188.infoSpeed = 10;\t\tslideshowgallery188.infodelay = 0;\t\tslideshowgallery188.infofade = 0;\t\tslideshowgallery188.infofadedelay = 0;\t\tslideshowgallery188.thumbs = \"\";\t\tslideshowgallery188.thumbOpacity = 70;\t\tslideshowgallery188.left = \"slideleftgallery188\";\t\tslideshowgallery188.right = \"sliderightgallery188\";\t\tslideshowgallery188.scrollSpeed = 5;\t\tslideshowgallery188.spacing = 5;\t\tslideshowgallery188.active = \"#ffffff\";\t\tslideshowgallery188.imagesthickbox = \"false\";\t\tjQuery(\"#spinnergallery188\").remove();\t\tslideshowgallery188.init(\"slideshowgallery188\",\"imagegallery188\",\"imgprevgallery188\",\"imgnextgallery188\",\"imglinkgallery188\");\t\ttid('slideshow-wrappergallery188').style.visibility = 'visible';\t\tjQuery(window).trigger('resize');\t\t\t\t\t});\t\t\tjQuery(window).resize(function() {\t\t\tvar width = jQuery('#slideshow-wrappergallery188').width();\t\t\tvar resheight = 70;\t\t\tvar height = Math.round(((resheight \/ 100) * width));\t\t\tjQuery('#fullsizegallery188').height(height);\t\t});\t\t<\/script>\t\t<!-- Slideshow Gallery Javascript END --><!-- Slideshow Gallery CSS BEG --><style id=\"style-gallery188\">        ul.slideshowgallery188 { list-style:none !important; color:#fff; }\n        ul.slideshowgallery188 span { display:none; }\n        #slideshow-wrappergallery188 { overflow: hidden; position:relative; width:100%; background:#cac19a; padding:0 0 0 0; border:1px solid #CCCCCC; margin:0; display:none; }\n        #slideshow-wrappergallery188 * { margin:0; padding:0; }\n        #slideshow-wrappergallery188 #fullsizegallery188 { position:relative; z-index:1; overflow:hidden; width:100%; height:70%; clear:both; border: none; }\n        #slideshow-wrappergallery188 #informationgallery188 { text-align:left; font-family:Verdana, Arial, Helvetica, sans-serif !important; position:absolute; width:100%; height:0; background:#000000; color:#ffffff; overflow:hidden; z-index:300; opacity:.7; filter:alpha(opacity=70); }\n        #slideshow-wrappergallery188 #informationgallery188 h3 { color:#ffffff; padding:4px 8px 3px; margin:0 !important; font-size:16px; font-weight:bold; }\n        #slideshow-wrappergallery188 #informationgallery188 a { color:#ffffff; }\n        #slideshow-wrappergallery188 #informationgallery188 p { color:#ffffff; padding:0 8px 8px; margin:0 !important; font-size: 14px; font-weight:normal; }\n        #slideshow-wrappergallery188 .infotop { margin-bottom:8px !important; top:0!important; }\n        #slideshow-wrappergallery188 .infobottom { margin-top:8px !important; bottom:0!important; }\n                    #slideshow-wrappergallery188 #imagegallery188 { width:100%; }\n            #slideshow-wrappergallery188 #imagegallery188 img { border:none; border-radius:0; box-shadow:none; position:absolute; height:auto; width:100%; margin:0 auto; display:block; }\n                #slideshow-wrappergallery188 .imgnav { position:absolute; width:25%; height:100%; cursor:pointer; z-index:250; }\n        #slideshow-wrappergallery188 #imgprevgallery188:before { font-family:FontAwesome; content:\"\\f053\"; font-size:30px; color:white; visibility:visible; left:0; text-align:left; width: auto; height:auto; line-height:160%; top:50%; margin:-30px 0 0 0; border-radius:0 10px 10px 0; background:black; padding:3px 10px 0 10px; position: absolute; display: inline-block; }\n        #slideshow-wrappergallery188 #imgprevgallery188 { display:none; -moz-user-select: none; -khtml-user-select: none; -webkit-user-select: none; -o-user-select: none; left:0; font-size:0px; }\n        #slideshow-wrappergallery188 #imgnextgallery188:before { font-family:FontAwesome; content:\"\\f054\"; font-size:30px; color:white; visibility:visible; right:0; text-align:right; width: auto; height:auto; line-height:160%; top:50%; margin:-30px 0 0 0; border-radius:10px 0 0 10px; background:black; padding:3px 10px 0 10px; position: absolute; display: inline-block; }\n        #slideshow-wrappergallery188 #imgnextgallery188 { display:none; -moz-user-select: none; -khtml-user-select: none; -webkit-user-select: none; -o-user-select: none; right:0; font-size:0px; }\n        #slideshow-wrappergallery188 #imglinkgallery188 { position:absolute; zoom:1; background-color:#ffffff; height:100%; width:100%; left:0; z-index:149; opacity:0; filter:alpha(opacity=0); }\n        #slideshow-wrappergallery188 .linkhover:before { font-family:FontAwesome; content:\"\\f14c\"; font-size:30px; text-align:center; height:auto; line-height:160%; width:auto; top:50%; left:auto; right:auto; margin:-30px 0 0 0; padding:0px 12px; display: inline-block; position: relative; background:black; color:white; border-radius:10px; }\n        #slideshow-wrappergallery188 .linkhover { background:transparent !important; opacity:.4 !important; filter:alpha(opacity=40) !important; text-align:center; font-size:0px; }\n        #slideshow-wrappergallery188 #thumbnailsgallery188 { background:#cac19a; height:89px; width:100%; position:relative; overflow:hidden; }\n        #slideshow-wrappergallery188 .thumbstop { margin-bottom:8px !important; }\n        #slideshow-wrappergallery188 .thumbsbot { margin-top:8px !important; }\n        #slideshow-wrappergallery188 #slideleftgallery188:before { font-family:FontAwesome; content: \"\\f104\"; color:#999; position: absolute; height: auto; line-height:160%; width: auto; display: inline-block; top: 50%; font-size: 30px; margin: -30px 0 0 0; padding: 0 5px; }\n        #slideshow-wrappergallery188 #slideleftgallery188 { text-align:left; float:left; position:absolute; left:0; z-index:150; width:20px; height:89px; background:#222; }\n        #slideshow-wrappergallery188 #slideleftgallery188:hover { background-color:#333; }\n        #slideshow-wrappergallery188 #sliderightgallery188:before { font-family:FontAwesome; content: \"\\f105\"; color:#999; position: absolute; height: auto; line-height:160%; width: auto; display: inline-block; top: 50%; font-size: 30px; margin: -30px 0 0 0; padding: 0 5px; }\n        #slideshow-wrappergallery188 #sliderightgallery188 { text-align:left; float:right; position:absolute; right:0; z-index:150; width:20px; height:89px; background:#222; }\n        #slideshow-wrappergallery188 #sliderightgallery188:hover { background-color:#333; }\n        #slideshow-wrappergallery188 #slideareagallery188 { float:left; position:absolute; z-index:149; background:#cac19a; width:100%; margin:0; height:89px; overflow:hidden; }\n        #slideshow-wrappergallery188 #slidergallery188 { position:absolute; width:1503px !important; left:0; height:89px; padding:3px 20px 0 25px; }\n        #slideshow-wrappergallery188 #slidergallery188 img { width:100px; height:75px; cursor:pointer; border:1px solid #666; padding:2px; float:left !important; }\n        #slideshow-wrappergallery188 #spinnergallery188 { position:relative; top:50%; left:45%; text-align:left; font-size:30px; }\n        #slideshow-wrappergallery188 #spinnergallery188 img { border:none; }\n                @media (max-width:480px) { \t.slideshow-information { display: none !important; } }\n                        @media (max-width:480px) { \t.slideshow-thumbnails { display: none !important; } }\n            <\/style><!-- Slideshow Gallery CSS END --><\/p>\n<p style=\"text-align: left;\"><span style=\"font-family: 'Arial Black', 'Avant Garde'; font-size: 14pt; color: #000000;\"><span style=\"color: #333333;\">\u00a0 \u00a0 \u00a0Eleva el valor y el estilo de tu propiedad con dise\u00f1os modernos y art\u00edsticos de puertas, portones, escaleras entre otros. Nuestros trabajos son garantizados.\u00a0\u00a0Busca el enlace de trabajos y encontraras las diferentes categor\u00edas, luego puedes entrar al enlace de contacto para comunicarte con nosotros y comenzar a trabajar ese objeto de ensue\u00f1o que quieres a\u00f1adir a tu hogar o negocio.<\/span>\u00a0<\/span><\/p>\n<p style=\"text-align: center;\"><a href=\"https:\/\/jdforja.com\/wp\/wp-content\/uploads\/2014\/03\/logo-para-inicio1.jpg\"><img loading=\"lazy\" decoding=\"async\" class=\"alignnone wp-image-15 size-medium\" src=\"https:\/\/jdforja.com\/wp\/wp-content\/uploads\/2014\/03\/logo-para-inicio1-300x133.jpg\" alt=\"logo para inicio\" width=\"300\" height=\"133\" srcset=\"https:\/\/www.jdforja.com\/wp\/wp-content\/uploads\/2014\/03\/logo-para-inicio1-300x133.jpg 300w, https:\/\/www.jdforja.com\/wp\/wp-content\/uploads\/2014\/03\/logo-para-inicio1.jpg 504w\" sizes=\"auto, (max-width: 300px) 100vw, 300px\" \/><\/a><\/p>\n","protected":false},"excerpt":{"rendered":"<p>\u00a0 \u00a0 \u00a0Bienvenidos a nuestra p\u00e1gina donde encontrar\u00e1 m\u00e1s informaci\u00f3n acerca de nuestros trabajos y servicios. \u00a0Le invitamos a que busque en nuestras galer\u00edas\u00a0fotogr\u00e1ficas\u00a0trabajos que hemos realizados, mucho arte y profesionalismo nos distingue en cada dise\u00f1o\u00a0\u00fanico. \u00a0Nuestro equipo de trabajo cuenta con una vasta experiencia en el arte de la\u00a0herrer\u00eda.\u00a0 \u00a0 \u00a0 \u00a0 \u00a0Hacemos trabajos [&hellip;]<\/p>\n","protected":false},"author":1,"featured_media":0,"parent":0,"menu_order":0,"comment_status":"open","ping_status":"open","template":"","meta":{"footnotes":""},"class_list":["post-2","page","type-page","status-publish","hentry","entry"],"_links":{"self":[{"href":"https:\/\/www.jdforja.com\/index.php?rest_route=\/wp\/v2\/pages\/2","targetHints":{"allow":["GET"]}}],"collection":[{"href":"https:\/\/www.jdforja.com\/index.php?rest_route=\/wp\/v2\/pages"}],"about":[{"href":"https:\/\/www.jdforja.com\/index.php?rest_route=\/wp\/v2\/types\/page"}],"author":[{"embeddable":true,"href":"https:\/\/www.jdforja.com\/index.php?rest_route=\/wp\/v2\/users\/1"}],"replies":[{"embeddable":true,"href":"https:\/\/www.jdforja.com\/index.php?rest_route=%2Fwp%2Fv2%2Fcomments&post=2"}],"version-history":[{"count":29,"href":"https:\/\/www.jdforja.com\/index.php?rest_route=\/wp\/v2\/pages\/2\/revisions"}],"predecessor-version":[{"id":446,"href":"https:\/\/www.jdforja.com\/index.php?rest_route=\/wp\/v2\/pages\/2\/revisions\/446"}],"wp:attachment":[{"href":"https:\/\/www.jdforja.com\/index.php?rest_route=%2Fwp%2Fv2%2Fmedia&parent=2"}],"curies":[{"name":"wp","href":"https:\/\/api.w.org\/{rel}","templated":true}]}}